n factor of 1562 and 154.
22
What is the greatest common divisor of 2655 and 45?
45
What is the greatest common factor of 15418 and 52?
26
Calculate the highest common factor of 572 and 104.
52
Calculate the greatest common factor of 13068 and 264.
132
What is the highest common factor of 5183 and 73?
73
What is the greatest common factor of 22 and 1540?
22
What is the greatest common divisor of 10 and 24670?
10
Calculate the highest common factor of 32 and 107.
1
Calculate the greatest common factor of 300 and 180.
60
What is the highest common divisor of 5 and 215?
5
What is the highest common divisor of 1024 and 576?
64
What is the greatest common factor of 230 and 125?
5
Calculate the highest common divisor of 420 and 348.
12
Calculate the highest common divisor of 1218 and 42.
42
What is the highest common factor of 182 and 14?
14
Calculate the greatest common factor of 738 and 164.
82
What is the greatest common factor of 29 and 1885?
29
Calculate the greatest common factor of 80 and 28900.
20
Calculate the greatest common divisor of 10818 and 9.
9
What is the highest common divisor of 20 and 380?
20
Calculate the highest common divisor of 14636 and 4.
4
What is the greatest common factor of 76 and 209?
19
What is the highest common factor of 6018 and 34?
34
What is the greatest common divisor of 54 and 198?
18
What is the highest common factor of 18 and 54?
18
What is the greatest common divisor of 172 and 23564?
172
What is the greatest common divisor of 24 and 192?
24
What is the highest common factor of 4087 and 134?
67
What is the highest common factor of 315 and 70?
35
Calculate the greatest common divisor of 1790 and 90.
10
What is the greatest common divisor of 10712 and 104?
104
What is the greatest common divisor of 132 and 276?
12
What is the highest common factor of 66 and 8459?
11
Calculate the greatest common divisor of 84 and 693.
21
What is the greatest common factor of 112 and 364?
28
Calculate the greatest common divisor of 140 and 11025.
35
Calculate the highest common divisor of 871 and 26.
13
Calculate the highest common divisor of 14193 and 9.
9
What is the highest common factor of 1728 and 672?
96
Calculate the greatest common factor of 76 and 13262.
38
What is the greatest common divisor of 5149 and 114?
19
What is the highest common divisor of 649 and 59?
59
What is the highest common divisor of 43 and 5461?
43
Calculate the greatest common divisor of 25 and 11.
1
What is the highest common factor of 736 and 32?
32
What is the highest common factor of 465 and 435?
15
Calculate the highest common divisor of 30 and 480.
30
What is the highest common divisor of 456 and 95?
19
What is the highest common divisor of 143 and 65?
13
What is the highest common factor of 114 and 57?
57
Calculate the highest common factor of 3040 and 128.
32
Calculate the highest common divisor of 36 and 236.
4
Calculate the greatest common factor of 88 and 7304.
88
Calculate the highest common factor of 26 and 2743.
13
What is the highest common factor of 3240 and 40?
40
What is the highest common factor of 344 and 72?
8
What is the highest common divisor of 71 and 923?
71
Calculate the greatest common factor of 9153 and 113.
113
Calculate the highest common divisor of 1147 and 148.
37
What is the highest common divisor of 14 and 13762?
14
What is the highest common factor of 650 and 910?
130
What is the highest common factor of 126 and 54?
18
Calculate the greatest common factor of 1479 and 203.
29
Calculate the greatest common factor of 1278 and 710.
142
Calculate the highest common factor of 48 and 624.
48
What is the highest common divisor of 884 and 3484?
52
Calculate the greatest common divisor of 6755 and 70.
35
What is the greatest common divisor of 65199 and 309?
309
What is the greatest common divisor of 4550 and 525?
175
Calculate the greatest common factor of 4 and 86.
2
Calculate the greatest common divisor of 1608 and 201.
201
Calculate the greatest common divisor of 1107 and 861.
123
What is the greatest common factor of 2 and 79?
1
What is the highest common factor of 78 and 546?
78
Calculate the greatest common factor of 9849 and 201.
201
What is the greatest common divisor of 279 and 18?
9
What is the highest common factor of 56 and 812?
28
What is the highest common divisor of 69 and 9?
3
What is the highest common divisor of 18 and 62?
2
What is the highest common divisor of 19 and 22?
1
What is the highest common divisor of 279 and 434?
31
What is the highest common divisor of 1320 and 96?
24
What is the greatest common divisor of 65 and 702?
13
What is the greatest common divisor of 6 and 69?
3
What is the highest common factor of 12 and 348?
12
What is the greatest common divisor of 1661 and 453?
151
What is the greatest common divisor of 112 and 1512?
56
Calculate the highest common divisor of 440 and 792.
88
Calculate the highest common factor of 1903 and 143.
11
What is the highest common divisor of 3562 and 26?
26
What is the highest common divisor of 183 and 2684?
61
Calculate the greatest common factor of 150 and 90.
30
What is the highest common divisor of 50 and 43150?
50
Calculate the greatest common divisor of 6 and 454.
2
Calculate the highest common divisor of 584 and 16.
8
What is the greatest common divisor of 120 and 316?
4
Calculate the highest common divisor of 21 and 210.
21
What is the highest common divisor of 102 and 2958?
102
What is the greatest common divisor of 1679 and 368?
23
What is the greatest common factor of 25 and 355?
5
What is the highest common divisor of 435 and 17545?
145
Calculate the highest common divisor of 790 and 36.
2
Calculate the greatest common divisor of 17 and 5.
1
Calculate the highest common divisor of 138248 and 22.
22
Calculate the greatest common divisor of 225 and 28800.
225
What is the greatest common divisor of 189 and 54?
27
What is the greatest common divisor of 770 and 455?
35
What is the highest common factor of 23 and 12167?
23
Calculate the greatest common divisor of 22 and 737.
11
What is the highest common factor of 297 and 1089?
99
Calculate the greatest common factor of 3 and 1293.
3
What is the greatest common factor of 1161 and 63?
9
Calculate the highest common divisor of 702 and 675.
27
Calculate the greatest common divisor of 70 and 1330.
70
Calculate the highest common factor of 216 and 2862.
54
What is the greatest common factor of 3 and 83?
1
What is the highest common divisor of 1577 and 83?
83
What is the greatest common divisor of 505 and 3737?
101
What is the greatest common factor of 987 and 141?
141
Calculate the highest common divisor of 51 and 1207.
17
Calculate the greatest common divisor of 170 and 1938.
34
Calculate the highest common divisor of 204 and 27.
3
What is the highest common factor of 20 and 7940?
20
Calculate the highest common divisor of 5 and 1.
1
What is the highest common divisor of 45 and 195?
15
Calculate the highest common factor of 44 and 11924.
44
What is the greatest common divisor of 475 and 2185?
95
Calculate the highest common factor of 17864 and 112.
56
Calculate the highest common divisor of 320 and 240.
80
What is the greatest common factor of 875 and 60?
5
What is the highest common factor of 122268 and 12?
12
Calculate the highest common factor of 3280 and 10.
10
What is the greatest common divisor of 5460 and 60?
60
Calculate the greatest common divisor of 1488 and 5766.
186
Calculate the highest common factor of 1275 and 6.
3
What is the highest common factor of 5740 and 82?
82
What is the greatest common divisor of 4212 and 416?
52
What is the greatest common factor of 9398 and 148?
74
Calculate the highest common divisor of 204 and 561.
51
Calculate the greatest common divisor of 99 and 4125.
33
Calculate the highest common divisor of 1826 and 44.
22
Calculate the greatest common factor of 5 and 115.
5
What is the highest common factor of 5719 and 133?
133
What is the highest common divisor of 216 and 2781?
27
What is the highest common factor of 2376 and 22?
22
What is the highest common factor of 28 and 43456?
28
What is the greatest common divisor of 23711 and 131?
131
Calculate the highest common divisor of 649 and 11.
11
Calculate the highest common divisor of 287 and 28.
7
What is the hi